{"id":35,"date":"2021-10-31T21:00:01","date_gmt":"2021-10-31T20:00:01","guid":{"rendered":"https:\/\/associationlamancha.fr\/?page_id=35"},"modified":"2024-02-08T12:33:08","modified_gmt":"2024-02-08T11:33:08","slug":"qui-sommes-nous","status":"publish","type":"page","link":"https:\/\/associationlamancha.fr\/index.php\/qui-sommes-nous\/","title":{"rendered":"Qui sommes nous?"},"content":{"rendered":"<p>[et_pb_section fb_built=\u00a0\u00bb1&Prime; _builder_version=\u00a0\u00bb4.17.3&Prime; _module_preset=\u00a0\u00bbdefault\u00a0\u00bb global_colors_info=\u00a0\u00bb{}\u00a0\u00bb][et_pb_row _builder_version=\u00a0\u00bb4.17.3&Prime; _module_preset=\u00a0\u00bbdefault\u00a0\u00bb global_colors_info=\u00a0\u00bb{}\u00a0\u00bb][et_pb_column type=\u00a0\u00bb4_4&Prime; _builder_version=\u00a0\u00bb4.17.3&Prime; _module_preset=\u00a0\u00bbdefault\u00a0\u00bb global_colors_info=\u00a0\u00bb{}\u00a0\u00bb][et_pb_image src=\u00a0\u00bbhttps:\/\/associationlamancha.fr\/wp-content\/uploads\/2024\/01\/NaissanceMancha.jpg\u00a0\u00bb title_text=\u00a0\u00bbNaissanceMancha\u00a0\u00bb _builder_version=\u00a0\u00bb4.17.3&Prime; _module_preset=\u00a0\u00bbdefault\u00a0\u00bb min_height=\u00a0\u00bb1373.3px\u00a0\u00bb custom_padding=\u00a0\u00bb0px|||||\u00a0\u00bb hover_enabled=\u00a0\u00bb0&Prime; border_width_all=\u00a0\u00bb2px\u00a0\u00bb border_color_all=\u00a0\u00bb#E02B20&Prime; border_style_all=\u00a0\u00bbdotted\u00a0\u00bb global_colors_info=\u00a0\u00bb{}\u00a0\u00bb width=\u00a0\u00bb74%\u00a0\u00bb module_alignment=\u00a0\u00bbcenter\u00a0\u00bb sticky_enabled=\u00a0\u00bb0&Prime;][\/et_pb_image][\/et_pb_column][\/et_pb_row][\/et_pb_section]<\/p>\n","protected":false},"excerpt":{"rendered":"","protected":false},"author":1,"featured_media":0,"parent":0,"menu_order":0,"comment_status":"closed","ping_status":"closed","template":"page-template-blank.php","meta":{"_et_pb_use_builder":"on","_et_pb_old_content":"<!-- wp:table -->\n<figure class=\"wp-block-table\"><table><tbody><tr><td><br><br> Comment est n\u00e9e l\u2019association <span class=\"has-inline-color has-vivid-red-color\"><strong>MANCHA<\/strong><\/span> ?&nbsp;&nbsp;&nbsp;<br>&nbsp;&nbsp;&nbsp;&nbsp;&nbsp;&nbsp;&nbsp;&nbsp;&nbsp;&nbsp;&nbsp;&nbsp;&nbsp;&nbsp;&nbsp;&nbsp;&nbsp; &nbsp;&nbsp;&nbsp;&nbsp;&nbsp;&nbsp;&nbsp;<br> En 1982, pour r\u00e9pondre \u00e0 la demande d\u2019une de ses \u00e9l\u00e8ves qui cherchait un professeur de guitare flamenca, un professeur d\u2019espagnol cherbourgeois appela l\u2019un de ses anciens condisciples qui excellait dans ce genre de musique.<br><br>&nbsp;L\u2019ami en question donna l\u2019adresse d\u2019un professeur de guitare et sugg\u00e9ra d\u2019organiser \u00e0 Cherbourg un concert de chant flamenco. Le mois suivant, il allait faire venir au th\u00e9\u00e2tre de Vire une vedette montante du flamenco, Carmen Linares, accompagn\u00e9e de ses deux guitaristes et proposait de les convoyer jusqu\u2019\u00e0 Cherbourg.<br><br> Un petit groupe de professeurs d\u2019espagnol enthousiastes fut rapidement constitu\u00e9 pour organiser leur venue et accepta de prendre \u00e0 sa charge le cachet des artistes en cas d\u2019\u00e9chec. La Mairie de Cherbourg pr\u00eata gratuitement le th\u00e9\u00e2tre qui n\u2019avait \u00e0 l\u2019\u00e9poque qu\u2019une programmation clairsem\u00e9e, et le concert fut un franc succ\u00e8s.<br><br>&nbsp;Le th\u00e9\u00e2tre \u00e9tait quasiment plein et la recette permit de payer les artistes. Se posa alors la question&nbsp;: que faire de l\u2019argent restant&nbsp;? Le petit groupe d\u00e9cida de cr\u00e9er une association destin\u00e9e \u00e0 faire conna\u00eetre dans le Nord Cotentin, la langue et la culture des pays hispanophones, et de lui donner le nom de <strong><span class=\"has-inline-color has-vivid-red-color\">M<\/span><\/strong>ouvement d\u2019<strong><span class=\"has-inline-color has-vivid-red-color\">A<\/span><\/strong>miti\u00e9 <strong><span class=\"has-inline-color has-vivid-red-color\">N<\/span><\/strong>ormand pour la <strong><span class=\"has-inline-color has-vivid-red-color\">C<\/span><\/strong>ulture <strong><span class=\"has-inline-color has-vivid-red-color\">H<\/span><\/strong>ispano-<strong><span class=\"has-inline-color has-vivid-red-color\">A<\/span><\/strong>m\u00e9ricaine.<br><br>&nbsp;<strong><span class=\"has-inline-color has-vivid-red-color\">Mancha<\/span> <\/strong>organisa d\u00e8s lors des concerts, des expositions, des cours d\u2019espagnol, des conf\u00e9rences, avant de se lancer en 1991 dans l\u2019aventure de la <strong><span class=\"has-inline-color has-vivid-cyan-blue-color\">CINEMOVIDA<\/span><\/strong> dont la 32<sup>\u00e8me<\/sup> \u00e9dition se d\u00e9roulera entre le 28 avril et le 15 mai 2022.<br>&nbsp;<br>Gilles Groult<br>Charg\u00e9 de communication<\/td><\/tr><\/tbody><\/table><\/figure>\n<!-- \/wp:table -->","_et_gb_content_width":"1080","_uag_custom_page_level_css":"","_price":"","_stock":"","_tribe_ticket_header":"","_tribe_default_ticket_provider":"","_tribe_ticket_capacity":"0","_ticket_start_date":"","_ticket_end_date":"","_tribe_ticket_show_description":"","_tribe_ticket_show_not_going":false,"_tribe_ticket_use_global_stock":"","_tribe_ticket_global_stock_level":"","_global_stock_mode":"","_global_stock_cap":"","_tribe_rsvp_for_event":"","_tribe_ticket_going_count":"","_tribe_ticket_not_going_count":"","_tribe_tickets_list":"[]","_tribe_ticket_has_attendee_info_fields":false,"footnotes":"","_tec_slr_enabled":"","_tec_slr_layout":""},"class_list":["post-35","page","type-page","status-publish","hentry"],"uagb_featured_image_src":{"full":false,"thumbnail":false,"medium":false,"medium_large":false,"large":false,"1536x1536":false,"2048x2048":false,"bloom_image":false,"et-pb-post-main-image":false,"et-pb-post-main-image-fullwidth":false,"et-pb-portfolio-image":false,"et-pb-portfolio-module-image":false,"et-pb-portfolio-image-single":false,"et-pb-gallery-module-image-portrait":false,"et-pb-post-main-image-fullwidth-large":false,"et-pb-image--responsive--desktop":false,"et-pb-image--responsive--tablet":false,"et-pb-image--responsive--phone":false},"uagb_author_info":{"display_name":"admin4162","author_link":"https:\/\/associationlamancha.fr"},"uagb_comment_info":0,"uagb_excerpt":null,"ticketed":false,"_links":{"self":[{"href":"https:\/\/associationlamancha.fr\/index.php\/wp-json\/wp\/v2\/pages\/35","targetHints":{"allow":["GET"]}}],"collection":[{"href":"https:\/\/associationlamancha.fr\/index.php\/wp-json\/wp\/v2\/pages"}],"about":[{"href":"https:\/\/associationlamancha.fr\/index.php\/wp-json\/wp\/v2\/types\/page"}],"author":[{"embeddable":true,"href":"https:\/\/associationlamancha.fr\/index.php\/wp-json\/wp\/v2\/users\/1"}],"replies":[{"embeddable":true,"href":"https:\/\/associationlamancha.fr\/index.php\/wp-json\/wp\/v2\/comments?post=35"}],"version-history":[{"count":9,"href":"https:\/\/associationlamancha.fr\/index.php\/wp-json\/wp\/v2\/pages\/35\/revisions"}],"predecessor-version":[{"id":1019840,"href":"https:\/\/associationlamancha.fr\/index.php\/wp-json\/wp\/v2\/pages\/35\/revisions\/1019840"}],"wp:attachment":[{"href":"https:\/\/associationlamancha.fr\/index.php\/wp-json\/wp\/v2\/media?parent=35"}],"curies":[{"name":"wp","href":"https:\/\/api.w.org\/{rel}","templated":true}]}}

<!-- wp:table -->
<figure class="wp-block-table"><table><tbody><tr><td><br><br> Comment est née l’association <span class="has-inline-color has-vivid-red-color"><strong>MANCHA</strong></span> ?&nbsp;&nbsp;&nbsp;<br>&nbsp;&nbsp;&nbsp;&nbsp;&nbsp;&nbsp;&nbsp;&nbsp;&nbsp;&nbsp;&nbsp;&nbsp;&nbsp;&nbsp;&nbsp;&nbsp;&nbsp; &nbsp;&nbsp;&nbsp;&nbsp;&nbsp;&nbsp;&nbsp;<br> En 1982, pour répondre à la demande d’une de ses élèves qui cherchait un professeur de guitare flamenca, un professeur d’espagnol cherbourgeois appela l’un de ses anciens condisciples qui excellait dans ce genre de musique.<br><br>&nbsp;L’ami en question donna l’adresse d’un professeur de guitare et suggéra d’organiser à Cherbourg un concert de chant flamenco. Le mois suivant, il allait faire venir au théâtre de Vire une vedette montante du flamenco, Carmen Linares, accompagnée de ses deux guitaristes et proposait de les convoyer jusqu’à Cherbourg.<br><br> Un petit groupe de professeurs d’espagnol enthousiastes fut rapidement constitué pour organiser leur venue et accepta de prendre à sa charge le cachet des artistes en cas d’échec. La Mairie de Cherbourg prêta gratuitement le théâtre qui n’avait à l’époque qu’une programmation clairsemée, et le concert fut un franc succès.<br><br>&nbsp;Le théâtre était quasiment plein et la recette permit de payer les artistes. Se posa alors la question&nbsp;: que faire de l’argent restant&nbsp;? Le petit groupe décida de créer une association destinée à faire connaître dans le Nord Cotentin, la langue et la culture des pays hispanophones, et de lui donner le nom de <strong><span class="has-inline-color has-vivid-red-color">M</span></strong>ouvement d’<strong><span class="has-inline-color has-vivid-red-color">A</span></strong>mitié <strong><span class="has-inline-color has-vivid-red-color">N</span></strong>ormand pour la <strong><span class="has-inline-color has-vivid-red-color">C</span></strong>ulture <strong><span class="has-inline-color has-vivid-red-color">H</span></strong>ispano-<strong><span class="has-inline-color has-vivid-red-color">A</span></strong>méricaine.<br><br>&nbsp;<strong><span class="has-inline-color has-vivid-red-color">Mancha</span> </strong>organisa dès lors des concerts, des expositions, des cours d’espagnol, des conférences, avant de se lancer en 1991 dans l’aventure de la <strong><span class="has-inline-color has-vivid-cyan-blue-color">CINEMOVIDA</span></strong> dont la 32<sup>ème</sup> édition se déroulera entre le 28 avril et le 15 mai 2022.<br>&nbsp;<br>Gilles Groult<br>Chargé de communication</td></tr></tbody></table></figure>
<!-- /wp:table -->
