{"id":50,"date":"2021-10-31T21:03:30","date_gmt":"2021-10-31T20:03:30","guid":{"rendered":"https:\/\/associationlamancha.fr\/?page_id=50"},"modified":"2024-09-30T11:52:41","modified_gmt":"2024-09-30T09:52:41","slug":"forum-des-associations","status":"publish","type":"page","link":"https:\/\/associationlamancha.fr\/index.php\/forum-des-associations\/","title":{"rendered":"Forum associations"},"content":{"rendered":"<p>[et_pb_section fb_built=\u00a0\u00bb1&Prime; admin_label=\u00a0\u00bbsection\u00a0\u00bb _builder_version=\u00a0\u00bb4.17.3&Prime; global_colors_info=\u00a0\u00bb{}\u00a0\u00bb][et_pb_row column_structure=\u00a0\u00bb1_2,1_2&Prime; admin_label=\u00a0\u00bbrow\u00a0\u00bb _builder_version=\u00a0\u00bb4.17.3&Prime; background_size=\u00a0\u00bbinitial\u00a0\u00bb background_position=\u00a0\u00bbtop_left\u00a0\u00bb background_repeat=\u00a0\u00bbrepeat\u00a0\u00bb global_colors_info=\u00a0\u00bb{}\u00a0\u00bb][et_pb_column type=\u00a0\u00bb1_2&Prime; _builder_version=\u00a0\u00bb4.16&Prime; custom_padding=\u00a0\u00bb|||\u00a0\u00bb global_colors_info=\u00a0\u00bb{}\u00a0\u00bb custom_padding__hover=\u00a0\u00bb|||\u00a0\u00bb][et_pb_text _builder_version=\u00a0\u00bb4.17.3&Prime; _module_preset=\u00a0\u00bbdefault\u00a0\u00bb text_font=\u00a0\u00bbBellota Text||||||||\u00a0\u00bb text_font_size=\u00a0\u00bb17px\u00a0\u00bb width=\u00a0\u00bb80%\u00a0\u00bb max_width=\u00a0\u00bb78%\u00a0\u00bb module_alignment=\u00a0\u00bbcenter\u00a0\u00bb min_height=\u00a0\u00bb100.8px\u00a0\u00bb custom_margin=\u00a0\u00bb50px||||false|false\u00a0\u00bb custom_padding=\u00a0\u00bb20px|10px||10px|false|false\u00a0\u00bb hover_enabled=\u00a0\u00bb0&Prime; border_width_all=\u00a0\u00bb2px\u00a0\u00bb border_color_all=\u00a0\u00bb#E02B20&Prime; border_style_all=\u00a0\u00bbgroove\u00a0\u00bb box_shadow_style=\u00a0\u00bbpreset4&Prime; global_colors_info=\u00a0\u00bb{}\u00a0\u00bb sticky_enabled=\u00a0\u00bb0&Prime;]<\/p>\n<p style=\"text-align: center;\">2024 &#8211; Cette ann\u00e9e encore, MANCHA a tenu son stand \u00e0 la Cit\u00e9 de la Mer \u00e0 Cherbourg-Octeville \u00e0 l&rsquo;occasion du Forum des Associations. Merci, vous avez \u00e9t\u00e9 nombreux \u00e0 vous arr\u00eater sur notre stand.<\/p>\n<p>&nbsp;<\/p>\n<p>[\/et_pb_text][\/et_pb_column][et_pb_column type=\u00a0\u00bb1_2&Prime; _builder_version=\u00a0\u00bb4.17.3&Prime; _module_preset=\u00a0\u00bbdefault\u00a0\u00bb global_colors_info=\u00a0\u00bb{}\u00a0\u00bb][et_pb_image src=\u00a0\u00bbhttps:\/\/associationlamancha.fr\/wp-content\/uploads\/2024\/09\/ForumAsso2024.png\u00a0\u00bb title_text=\u00a0\u00bbForumAsso2024&Prime; _builder_version=\u00a0\u00bb4.17.3&Prime; _module_preset=\u00a0\u00bbdefault\u00a0\u00bb width=\u00a0\u00bb68%\u00a0\u00bb max_width=\u00a0\u00bb65%\u00a0\u00bb hover_enabled=\u00a0\u00bb0&Prime; box_shadow_style=\u00a0\u00bbpreset4&Prime; global_colors_info=\u00a0\u00bb{}\u00a0\u00bb sticky_enabled=\u00a0\u00bb0&Prime;][\/et_pb_image][\/et_pb_column][\/et_pb_row][et_pb_row column_structure=\u00a0\u00bb1_2,1_2&Prime; admin_label=\u00a0\u00bbrow\u00a0\u00bb _builder_version=\u00a0\u00bb4.17.3&Prime; background_size=\u00a0\u00bbinitial\u00a0\u00bb background_position=\u00a0\u00bbtop_left\u00a0\u00bb background_repeat=\u00a0\u00bbrepeat\u00a0\u00bb global_colors_info=\u00a0\u00bb{}\u00a0\u00bb][et_pb_column type=\u00a0\u00bb1_2&Prime; _builder_version=\u00a0\u00bb4.16&Prime; custom_padding=\u00a0\u00bb|||\u00a0\u00bb global_colors_info=\u00a0\u00bb{}\u00a0\u00bb custom_padding__hover=\u00a0\u00bb|||\u00a0\u00bb][et_pb_text _builder_version=\u00a0\u00bb4.17.3&Prime; _module_preset=\u00a0\u00bbdefault\u00a0\u00bb text_font=\u00a0\u00bbBellota Text||||||||\u00a0\u00bb text_font_size=\u00a0\u00bb17px\u00a0\u00bb width=\u00a0\u00bb80%\u00a0\u00bb max_width=\u00a0\u00bb78%\u00a0\u00bb module_alignment=\u00a0\u00bbcenter\u00a0\u00bb min_height=\u00a0\u00bb100.8px\u00a0\u00bb custom_margin=\u00a0\u00bb50px||||false|false\u00a0\u00bb custom_padding=\u00a0\u00bb20px|10px||10px|false|false\u00a0\u00bb border_width_all=\u00a0\u00bb2px\u00a0\u00bb border_color_all=\u00a0\u00bb#E02B20&Prime; border_style_all=\u00a0\u00bbgroove\u00a0\u00bb box_shadow_style=\u00a0\u00bbpreset4&Prime; global_colors_info=\u00a0\u00bb{}\u00a0\u00bb]<\/p>\n<p style=\"text-align: center;\">L&rsquo;Association MANCHA tenait un stand au Forum des Associations qui eu lieu le samedi 9 septembre 2023 \u00e0 la Cit\u00e9 de la Mer \u00e0 Cherbourg-Octeville.<\/p>\n<p>&nbsp;<\/p>\n<p>[\/et_pb_text][\/et_pb_column][et_pb_column type=\u00a0\u00bb1_2&Prime; _builder_version=\u00a0\u00bb4.17.3&Prime; _module_preset=\u00a0\u00bbdefault\u00a0\u00bb global_colors_info=\u00a0\u00bb{}\u00a0\u00bb][et_pb_image src=\u00a0\u00bbhttps:\/\/associationlamancha.fr\/wp-content\/uploads\/2024\/02\/ForumAsso.png\u00a0\u00bb title_text=\u00a0\u00bbForumAsso\u00a0\u00bb _builder_version=\u00a0\u00bb4.17.3&Prime; _module_preset=\u00a0\u00bbdefault\u00a0\u00bb width=\u00a0\u00bb68%\u00a0\u00bb max_width=\u00a0\u00bb65%\u00a0\u00bb box_shadow_style=\u00a0\u00bbpreset4&Prime; global_colors_info=\u00a0\u00bb{}\u00a0\u00bb][\/et_pb_image][\/et_pb_column][\/et_pb_row][\/et_pb_section]<\/p>\n","protected":false},"excerpt":{"rendered":"<p>2024 &#8211; Cette ann\u00e9e encore, MANCHA a tenu son stand \u00e0 la Cit\u00e9 de la Mer \u00e0 Cherbourg-Octeville \u00e0 l&rsquo;occasion du Forum des Associations. Merci, vous avez \u00e9t\u00e9 nombreux \u00e0 [&hellip;]<\/p>\n","protected":false},"author":1,"featured_media":0,"parent":0,"menu_order":0,"comment_status":"closed","ping_status":"closed","template":"page-template-blank.php","meta":{"_et_pb_use_builder":"on","_et_pb_old_content":"","_et_gb_content_width":"","_uag_custom_page_level_css":"","_price":"","_stock":"","_tribe_ticket_header":"","_tribe_default_ticket_provider":"","_tribe_ticket_capacity":"0","_ticket_start_date":"","_ticket_end_date":"","_tribe_ticket_show_description":"","_tribe_ticket_show_not_going":false,"_tribe_ticket_use_global_stock":"","_tribe_ticket_global_stock_level":"","_global_stock_mode":"","_global_stock_cap":"","_tribe_rsvp_for_event":"","_tribe_ticket_going_count":"","_tribe_ticket_not_going_count":"","_tribe_tickets_list":"[]","_tribe_ticket_has_attendee_info_fields":false,"footnotes":"","_tec_slr_enabled":"","_tec_slr_layout":""},"class_list":["post-50","page","type-page","status-publish","hentry"],"uagb_featured_image_src":{"full":false,"thumbnail":false,"medium":false,"medium_large":false,"large":false,"1536x1536":false,"2048x2048":false,"bloom_image":false,"et-pb-post-main-image":false,"et-pb-post-main-image-fullwidth":false,"et-pb-portfolio-image":false,"et-pb-portfolio-module-image":false,"et-pb-portfolio-image-single":false,"et-pb-gallery-module-image-portrait":false,"et-pb-post-main-image-fullwidth-large":false,"et-pb-image--responsive--desktop":false,"et-pb-image--responsive--tablet":false,"et-pb-image--responsive--phone":false},"uagb_author_info":{"display_name":"admin4162","author_link":"https:\/\/associationlamancha.fr"},"uagb_comment_info":0,"uagb_excerpt":"2024 - Cette ann\u00e9e encore, MANCHA a tenu son stand \u00e0 la Cit\u00e9 de la Mer \u00e0 Cherbourg-Octeville \u00e0 l'occasion du Forum des Associations. Merci, vous avez \u00e9t\u00e9 nombreux \u00e0 [&hellip;]","ticketed":false,"_links":{"self":[{"href":"https:\/\/associationlamancha.fr\/index.php\/wp-json\/wp\/v2\/pages\/50","targetHints":{"allow":["GET"]}}],"collection":[{"href":"https:\/\/associationlamancha.fr\/index.php\/wp-json\/wp\/v2\/pages"}],"about":[{"href":"https:\/\/associationlamancha.fr\/index.php\/wp-json\/wp\/v2\/types\/page"}],"author":[{"embeddable":true,"href":"https:\/\/associationlamancha.fr\/index.php\/wp-json\/wp\/v2\/users\/1"}],"replies":[{"embeddable":true,"href":"https:\/\/associationlamancha.fr\/index.php\/wp-json\/wp\/v2\/comments?post=50"}],"version-history":[{"count":16,"href":"https:\/\/associationlamancha.fr\/index.php\/wp-json\/wp\/v2\/pages\/50\/revisions"}],"predecessor-version":[{"id":1432222,"href":"https:\/\/associationlamancha.fr\/index.php\/wp-json\/wp\/v2\/pages\/50\/revisions\/1432222"}],"wp:attachment":[{"href":"https:\/\/associationlamancha.fr\/index.php\/wp-json\/wp\/v2\/media?parent=50"}],"curies":[{"name":"wp","href":"https:\/\/api.w.org\/{rel}","templated":true}]}}

<p>[et_pb_section fb_built= »1&Prime; admin_label= »section » _builder_version= »4.17.3&Prime; global_colors_info= »{} »][et_pb_row column_structure= »1_2,1_2&Prime; admin_label= »row » _builder_version= »4.17.3&Prime; background_size= »initial » background_position= »top_left » background_repeat= »repeat » global_colors_info= »{} »][et_pb_column type= »1_2&Prime; _builder_version= »4.16&Prime; custom_padding= »||| » global_colors_info= »{} » custom_padding__hover= »||| »][et_pb_text _builder_version= »4.17.3&Prime; _module_preset= »default » text_font= »Bellota Text|||||||| » text_font_size= »17px » width= »80% » max_width= »78% » module_alignment= »center » min_height= »100.8px » custom_margin= »50px||||false|false » custom_padding= »20px|10px||10px|false|false » hover_enabled= »0&Prime; border_width_all= »2px » border_color_all= »#E02B20&Prime; border_style_all= »groove » box_shadow_style= »preset4&Prime; global_colors_info= »{} » sticky_enabled= »0&Prime;]</p>
<p style="text-align: center;">2024 &#8211; Cette année encore, MANCHA a tenu son stand à la Cité de la Mer à Cherbourg-Octeville à l&rsquo;occasion du Forum des Associations. Merci, vous avez été nombreux à vous arrêter sur notre stand.</p>
<p>&nbsp;</p>
<p>[/et_pb_text][/et_pb_column][et_pb_column type= »1_2&Prime; _builder_version= »4.17.3&Prime; _module_preset= »default » global_colors_info= »{} »][et_pb_image src= »https://associationlamancha.fr/wp-content/uploads/2024/09/ForumAsso2024.png » title_text= »ForumAsso2024&Prime; _builder_version= »4.17.3&Prime; _module_preset= »default » width= »68% » max_width= »65% » hover_enabled= »0&Prime; box_shadow_style= »preset4&Prime; global_colors_info= »{} » sticky_enabled= »0&Prime;][/et_pb_image][/et_pb_column][/et_pb_row][et_pb_row column_structure= »1_2,1_2&Prime; admin_label= »row » _builder_version= »4.17.3&Prime; background_size= »initial » background_position= »top_left » background_repeat= »repeat » global_colors_info= »{} »][et_pb_column type= »1_2&Prime; _builder_version= »4.16&Prime; custom_padding= »||| » global_colors_info= »{} » custom_padding__hover= »||| »][et_pb_text _builder_version= »4.17.3&Prime; _module_preset= »default » text_font= »Bellota Text|||||||| » text_font_size= »17px » width= »80% » max_width= »78% » module_alignment= »center » min_height= »100.8px » custom_margin= »50px||||false|false » custom_padding= »20px|10px||10px|false|false » border_width_all= »2px » border_color_all= »#E02B20&Prime; border_style_all= »groove » box_shadow_style= »preset4&Prime; global_colors_info= »{} »]</p>
<p style="text-align: center;">L&rsquo;Association MANCHA tenait un stand au Forum des Associations qui eu lieu le samedi 9 septembre 2023 à la Cité de la Mer à Cherbourg-Octeville.</p>
<p>&nbsp;</p>
<p>[/et_pb_text][/et_pb_column][et_pb_column type= »1_2&Prime; _builder_version= »4.17.3&Prime; _module_preset= »default » global_colors_info= »{} »][et_pb_image src= »https://associationlamancha.fr/wp-content/uploads/2024/02/ForumAsso.png » title_text= »ForumAsso » _builder_version= »4.17.3&Prime; _module_preset= »default » width= »68% » max_width= »65% » box_shadow_style= »preset4&Prime; global_colors_info= »{} »][/et_pb_image][/et_pb_column][/et_pb_row][/et_pb_section]</p>

<p>2024 &#8211; Cette année encore, MANCHA a tenu son stand à la Cité de la Mer à Cherbourg-Octeville à l&rsquo;occasion du Forum des Associations. Merci, vous avez été nombreux à [&hellip;]</p>

2024 - Cette année encore, MANCHA a tenu son stand à la Cité de la Mer à Cherbourg-Octeville à l'occasion du Forum des Associations. Merci, vous avez été nombreux à [&hellip;]
