{"id":59,"date":"2021-10-31T21:06:31","date_gmt":"2021-10-31T20:06:31","guid":{"rendered":"https:\/\/associationlamancha.fr\/?page_id=59"},"modified":"2025-01-10T17:50:27","modified_gmt":"2025-01-10T16:50:27","slug":"ateliers-cuisine","status":"publish","type":"page","link":"https:\/\/associationlamancha.fr\/index.php\/ateliers-cuisine\/","title":{"rendered":"Ateliers cuisine"},"content":{"rendered":"<p>[et_pb_section fb_built=\u00a0\u00bb1&Prime; admin_label=\u00a0\u00bbsection\u00a0\u00bb _builder_version=\u00a0\u00bb4.17.3&Prime; global_colors_info=\u00a0\u00bb{}\u00a0\u00bb][et_pb_row column_structure=\u00a0\u00bb1_2,1_2&Prime; admin_label=\u00a0\u00bbrow\u00a0\u00bb _builder_version=\u00a0\u00bb4.17.3&Prime; background_size=\u00a0\u00bbinitial\u00a0\u00bb background_position=\u00a0\u00bbtop_left\u00a0\u00bb background_repeat=\u00a0\u00bbrepeat\u00a0\u00bb custom_margin=\u00a0\u00bb||||false|false\u00a0\u00bb border_width_all=\u00a0\u00bb1px\u00a0\u00bb border_color_all=\u00a0\u00bb#000000&Prime; global_colors_info=\u00a0\u00bb{}\u00a0\u00bb][et_pb_column type=\u00a0\u00bb1_2&Prime; _builder_version=\u00a0\u00bb4.16&Prime; custom_padding=\u00a0\u00bb|||\u00a0\u00bb global_colors_info=\u00a0\u00bb{}\u00a0\u00bb custom_padding__hover=\u00a0\u00bb|||\u00a0\u00bb][et_pb_text _builder_version=\u00a0\u00bb4.17.3&Prime; _module_preset=\u00a0\u00bbdefault\u00a0\u00bb text_font_size=\u00a0\u00bb15px\u00a0\u00bb custom_margin=\u00a0\u00bb30px|||100px|false|false\u00a0\u00bb custom_padding=\u00a0\u00bb20px|20px|20px|80px|false|false\u00a0\u00bb border_width_all=\u00a0\u00bb2px\u00a0\u00bb border_color_all=\u00a0\u00bb#0C71C3&Prime; global_colors_info=\u00a0\u00bb{}\u00a0\u00bb]<\/p>\n<p style=\"text-align: right;\">Plusieurs fois dans l&rsquo;ann\u00e9e, sont propos\u00e9s des ateliers-d\u00e9gustation de cuisine d&rsquo;Espagne ou d&rsquo;Am\u00e9rique Latine.<\/p>\n<p style=\"text-align: right;\">Tout le monde met la main \u00e0 la p\u00e2te, puis d\u00eene ensemble !<\/p>\n<p style=\"text-align: right;\">Ne manquez pas les futures propositions !<\/p>\n<p style=\"text-align: right;\">A tr\u00e8s vite !<\/p>\n<p>[\/et_pb_text][et_pb_text _builder_version=\u00a0\u00bb4.17.3&Prime; _module_preset=\u00a0\u00bbdefault\u00a0\u00bb text_font_size=\u00a0\u00bb15px\u00a0\u00bb custom_margin=\u00a0\u00bb30px|||100px|false|false\u00a0\u00bb custom_padding=\u00a0\u00bb20px|20px|20px|80px|false|false\u00a0\u00bb border_width_all=\u00a0\u00bb2px\u00a0\u00bb border_color_all=\u00a0\u00bb#0C71C3&Prime; global_colors_info=\u00a0\u00bb{}\u00a0\u00bb]<\/p>\n<p style=\"text-align: right;\"><img fetchpriority=\"high\" fetchpriority=\"high\" decoding=\"async\" src=\"https:\/\/associationlamancha.fr\/wp-content\/uploads\/2024\/02\/IMG_20240215_202337-300x300.jpg\" width=\"300\" height=\"300\" alt=\"\" class=\"wp-image-1029195 alignnone size-medium\" \/><\/p>\n<p>[\/et_pb_text][\/et_pb_column][et_pb_column type=\u00a0\u00bb1_2&Prime; _builder_version=\u00a0\u00bb4.16&Prime; custom_padding=\u00a0\u00bb|||\u00a0\u00bb global_colors_info=\u00a0\u00bb{}\u00a0\u00bb custom_padding__hover=\u00a0\u00bb|||\u00a0\u00bb][et_pb_image src=\u00a0\u00bbhttps:\/\/associationlamancha.fr\/wp-content\/uploads\/2024\/10\/Screenshot-2024-10-28-18.14.45.png\u00a0\u00bb title_text=\u00a0\u00bbScreenshot 2024-10-28 18.14.45&Prime; _builder_version=\u00a0\u00bb4.17.3&Prime; _module_preset=\u00a0\u00bbdefault\u00a0\u00bb width=\u00a0\u00bb65.1%\u00a0\u00bb custom_padding=\u00a0\u00bb||||false|false\u00a0\u00bb global_colors_info=\u00a0\u00bb{}\u00a0\u00bb][\/et_pb_image][et_pb_image src=\u00a0\u00bbhttps:\/\/associationlamancha.fr\/wp-content\/uploads\/2024\/02\/Estremadure.png\u00a0\u00bb title_text=\u00a0\u00bbEstremadure\u00a0\u00bb _builder_version=\u00a0\u00bb4.17.3&Prime; _module_preset=\u00a0\u00bbdefault\u00a0\u00bb width=\u00a0\u00bb65.1%\u00a0\u00bb custom_padding=\u00a0\u00bb||||false|false\u00a0\u00bb global_colors_info=\u00a0\u00bb{}\u00a0\u00bb][\/et_pb_image][\/et_pb_column][\/et_pb_row][\/et_pb_section]<\/p>\n","protected":false},"excerpt":{"rendered":"<p>Plusieurs fois dans l&rsquo;ann\u00e9e, sont propos\u00e9s des ateliers-d\u00e9gustation de cuisine d&rsquo;Espagne ou d&rsquo;Am\u00e9rique Latine. Tout le monde met la main \u00e0 la p\u00e2te, puis d\u00eene ensemble ! Ne manquez pas [&hellip;]<\/p>\n","protected":false},"author":1,"featured_media":0,"parent":0,"menu_order":0,"comment_status":"closed","ping_status":"closed","template":"page-template-blank.php","meta":{"_et_pb_use_builder":"on","_et_pb_old_content":"","_et_gb_content_width":"","_uag_custom_page_level_css":"","_price":"","_stock":"","_tribe_ticket_header":"","_tribe_default_ticket_provider":"","_tribe_ticket_capacity":"0","_ticket_start_date":"","_ticket_end_date":"","_tribe_ticket_show_description":"","_tribe_ticket_show_not_going":false,"_tribe_ticket_use_global_stock":"","_tribe_ticket_global_stock_level":"","_global_stock_mode":"","_global_stock_cap":"","_tribe_rsvp_for_event":"","_tribe_ticket_going_count":"","_tribe_ticket_not_going_count":"","_tribe_tickets_list":"[]","_tribe_ticket_has_attendee_info_fields":false,"footnotes":"","_tec_slr_enabled":"","_tec_slr_layout":""},"class_list":["post-59","page","type-page","status-publish","hentry"],"uagb_featured_image_src":{"full":false,"thumbnail":false,"medium":false,"medium_large":false,"large":false,"1536x1536":false,"2048x2048":false,"bloom_image":false,"et-pb-post-main-image":false,"et-pb-post-main-image-fullwidth":false,"et-pb-portfolio-image":false,"et-pb-portfolio-module-image":false,"et-pb-portfolio-image-single":false,"et-pb-gallery-module-image-portrait":false,"et-pb-post-main-image-fullwidth-large":false,"et-pb-image--responsive--desktop":false,"et-pb-image--responsive--tablet":false,"et-pb-image--responsive--phone":false},"uagb_author_info":{"display_name":"admin4162","author_link":"https:\/\/associationlamancha.fr"},"uagb_comment_info":0,"uagb_excerpt":"Plusieurs fois dans l'ann\u00e9e, sont propos\u00e9s des ateliers-d\u00e9gustation de cuisine d'Espagne ou d'Am\u00e9rique Latine. Tout le monde met la main \u00e0 la p\u00e2te, puis d\u00eene ensemble ! Ne manquez pas [&hellip;]","ticketed":false,"_links":{"self":[{"href":"https:\/\/associationlamancha.fr\/index.php\/wp-json\/wp\/v2\/pages\/59","targetHints":{"allow":["GET"]}}],"collection":[{"href":"https:\/\/associationlamancha.fr\/index.php\/wp-json\/wp\/v2\/pages"}],"about":[{"href":"https:\/\/associationlamancha.fr\/index.php\/wp-json\/wp\/v2\/types\/page"}],"author":[{"embeddable":true,"href":"https:\/\/associationlamancha.fr\/index.php\/wp-json\/wp\/v2\/users\/1"}],"replies":[{"embeddable":true,"href":"https:\/\/associationlamancha.fr\/index.php\/wp-json\/wp\/v2\/comments?post=59"}],"version-history":[{"count":7,"href":"https:\/\/associationlamancha.fr\/index.php\/wp-json\/wp\/v2\/pages\/59\/revisions"}],"predecessor-version":[{"id":1654716,"href":"https:\/\/associationlamancha.fr\/index.php\/wp-json\/wp\/v2\/pages\/59\/revisions\/1654716"}],"wp:attachment":[{"href":"https:\/\/associationlamancha.fr\/index.php\/wp-json\/wp\/v2\/media?parent=59"}],"curies":[{"name":"wp","href":"https:\/\/api.w.org\/{rel}","templated":true}]}}

<p>[et_pb_section fb_built= »1&Prime; admin_label= »section » _builder_version= »4.17.3&Prime; global_colors_info= »{} »][et_pb_row column_structure= »1_2,1_2&Prime; admin_label= »row » _builder_version= »4.17.3&Prime; background_size= »initial » background_position= »top_left » background_repeat= »repeat » custom_margin= »||||false|false » border_width_all= »1px » border_color_all= »#000000&Prime; global_colors_info= »{} »][et_pb_column type= »1_2&Prime; _builder_version= »4.16&Prime; custom_padding= »||| » global_colors_info= »{} » custom_padding__hover= »||| »][et_pb_text _builder_version= »4.17.3&Prime; _module_preset= »default » text_font_size= »15px » custom_margin= »30px|||100px|false|false » custom_padding= »20px|20px|20px|80px|false|false » border_width_all= »2px » border_color_all= »#0C71C3&Prime; global_colors_info= »{} »]</p>
<p style="text-align: right;">Plusieurs fois dans l&rsquo;année, sont proposés des ateliers-dégustation de cuisine d&rsquo;Espagne ou d&rsquo;Amérique Latine.</p>
<p style="text-align: right;">Tout le monde met la main à la pâte, puis dîne ensemble !</p>
<p style="text-align: right;">Ne manquez pas les futures propositions !</p>
<p style="text-align: right;">A très vite !</p>
<p>[/et_pb_text][et_pb_text _builder_version= »4.17.3&Prime; _module_preset= »default » text_font_size= »15px » custom_margin= »30px|||100px|false|false » custom_padding= »20px|20px|20px|80px|false|false » border_width_all= »2px » border_color_all= »#0C71C3&Prime; global_colors_info= »{} »]</p>
<p style="text-align: right;"><img fetchpriority="high" fetchpriority="high" decoding="async" src="https://associationlamancha.fr/wp-content/uploads/2024/02/IMG_20240215_202337-300x300.jpg" width="300" height="300" alt="" class="wp-image-1029195 alignnone size-medium" /></p>
<p>[/et_pb_text][/et_pb_column][et_pb_column type= »1_2&Prime; _builder_version= »4.16&Prime; custom_padding= »||| » global_colors_info= »{} » custom_padding__hover= »||| »][et_pb_image src= »https://associationlamancha.fr/wp-content/uploads/2024/10/Screenshot-2024-10-28-18.14.45.png » title_text= »Screenshot 2024-10-28 18.14.45&Prime; _builder_version= »4.17.3&Prime; _module_preset= »default » width= »65.1% » custom_padding= »||||false|false » global_colors_info= »{} »][/et_pb_image][et_pb_image src= »https://associationlamancha.fr/wp-content/uploads/2024/02/Estremadure.png » title_text= »Estremadure » _builder_version= »4.17.3&Prime; _module_preset= »default » width= »65.1% » custom_padding= »||||false|false » global_colors_info= »{} »][/et_pb_image][/et_pb_column][/et_pb_row][/et_pb_section]</p>

<p>Plusieurs fois dans l&rsquo;année, sont proposés des ateliers-dégustation de cuisine d&rsquo;Espagne ou d&rsquo;Amérique Latine. Tout le monde met la main à la pâte, puis dîne ensemble ! Ne manquez pas [&hellip;]</p>

Plusieurs fois dans l'année, sont proposés des ateliers-dégustation de cuisine d'Espagne ou d'Amérique Latine. Tout le monde met la main à la pâte, puis dîne ensemble ! Ne manquez pas [&hellip;]
