{"id":651369,"date":"2023-02-03T22:33:04","date_gmt":"2023-02-03T21:33:04","guid":{"rendered":"https:\/\/associationlamancha.fr\/?page_id=651369"},"modified":"2025-01-10T19:49:24","modified_gmt":"2025-01-10T18:49:24","slug":"exposition-debat","status":"publish","type":"page","link":"https:\/\/associationlamancha.fr\/index.php\/exposition-debat\/","title":{"rendered":"Exposition &#8211; D\u00e9bat"},"content":{"rendered":"<p>[et_pb_section fb_built=\u00a0\u00bb1&Prime; _builder_version=\u00a0\u00bb4.17.3&Prime; _module_preset=\u00a0\u00bbdefault\u00a0\u00bb global_colors_info=\u00a0\u00bb{}\u00a0\u00bb][et_pb_row _builder_version=\u00a0\u00bb4.17.3&Prime; _module_preset=\u00a0\u00bbdefault\u00a0\u00bb global_colors_info=\u00a0\u00bb{}\u00a0\u00bb][et_pb_column type=\u00a0\u00bb4_4&Prime; _builder_version=\u00a0\u00bb4.17.3&Prime; _module_preset=\u00a0\u00bbdefault\u00a0\u00bb global_colors_info=\u00a0\u00bb{}\u00a0\u00bb][et_pb_button button_url=\u00a0\u00bbhttps:\/\/www.helloasso.com\/associations\/mouvement-d-amitie-normand-pour-la-culture-hispano-americaine-mancha\/evenements\/concert-de-guitare-35e-cinemovida\u00a0\u00bb button_text=\u00a0\u00bbConcert &#8211; R\u00e9servation ici :\u00a0\u00bb _builder_version=\u00a0\u00bb4.17.3&Prime; _module_preset=\u00a0\u00bbdefault\u00a0\u00bb hover_enabled=\u00a0\u00bb0&Prime; global_colors_info=\u00a0\u00bb{}\u00a0\u00bb sticky_enabled=\u00a0\u00bb0&Prime;][\/et_pb_button][\/et_pb_column][\/et_pb_row][\/et_pb_section]<\/p>\n","protected":false},"excerpt":{"rendered":"","protected":false},"author":1,"featured_media":0,"parent":0,"menu_order":0,"comment_status":"closed","ping_status":"closed","template":"page-template-blank.php","meta":{"_et_pb_use_builder":"on","_et_pb_old_content":"<!-- wp:image {\"id\":651213,\"sizeSlug\":\"full\",\"linkDestination\":\"none\"} -->\n<figure class=\"wp-block-image size-full\"><img src=\"https:\/\/associationlamancha.fr\/wp-content\/uploads\/2023\/02\/328944069_550922100306545_544145829165689144_n.jpg\" alt=\"\" class=\"wp-image-651213\"\/><\/figure>\n<!-- \/wp:image -->\n\n<!-- wp:paragraph {\"fontSize\":\"medium\"} -->\n<p class=\"has-medium-font-size\"><img width=\"16\" height=\"16\" src=\"\" alt=\"\ud83d\udce3\"><strong>L\u2019ASSOCIATION 24 AOUT 1944 \u00c0 CHERBOURG<\/strong><\/p>\n<!-- \/wp:paragraph -->\n\n<!-- wp:paragraph -->\n<p><img width=\"16\" height=\"16\" src=\"\" alt=\"\u2705\">Dans le cadre de la 33 <sup>\u00e8me<\/sup> Cinemovida \u00e0 Cherbourg en Cotentin qui se d\u00e9roulera du 27 Janvier au 12 f\u00e9vrier 2023, l\u2019Association 24 Aout 1944 est invit\u00e9e \u00e0 animer 4 \u00e9v\u00e8nements.<\/p>\n<!-- \/wp:paragraph -->\n\n<!-- wp:paragraph -->\n<p><a href=\"https:\/\/www.24-aout-1944.org\/lassociation-24-aout-1944-a...\/\">https:\/\/www.24-aout-1944.org\/lassociation-24-aout-1944-a...\/<\/a><\/p>\n<!-- \/wp:paragraph -->\n\n<!-- wp:paragraph -->\n<p><img width=\"16\" height=\"16\" src=\"\" alt=\"\ud83d\udccc\">Les hommes de la Nueve<\/p>\n<!-- \/wp:paragraph -->\n\n<!-- wp:paragraph -->\n<p>Exposition propos\u00e9e par l\u2019association \u00ab 24 ao\u00fbt 1944 \u00bb<\/p>\n<!-- \/wp:paragraph -->\n\n<!-- wp:paragraph -->\n<p>Du lundi 6 au samedi 11 f\u00e9vrier \u2013 Centre Leclerc \u2013 Tourlaville Exposition de portraits des hommes de la Nueve. Une vingtaine de portraits originaux des combattants de la Nueve, (9e compagnie de la 2e DB-Leclerc).<\/p>\n<!-- \/wp:paragraph -->\n\n<!-- wp:paragraph -->\n<p>R\u00e9alis\u00e9s par le peintre Juan Chica-Ventura d\u2019apr\u00e8s les photos retrouv\u00e9es.<\/p>\n<!-- \/wp:paragraph -->\n\n<!-- wp:paragraph -->\n<p><img width=\"16\" height=\"16\" src=\"\" alt=\"\ud83d\udccc\">Les Espagnols antifascistes \u00e0 travers le crayon<\/p>\n<!-- \/wp:paragraph -->\n\n<!-- wp:paragraph -->\n<p>Du lundi 6 au samedi 11 f\u00e9vrier \u2013 Centre Leclerc \u2013 Tourlaville<\/p>\n<!-- \/wp:paragraph -->\n\n<!-- wp:paragraph -->\n<p>Planches de quelques cr\u00e9ateurs connus, comme Bruno Loth ou Carlos Gimenez, qui ont choisi la Bande Dessin\u00e9e pour s\u2019exprimer. Les uns pour entrer dans l\u2019Histoire avec les lecteurs, les autres pour conter de mani\u00e8re plus intime quelques \u00e9pisodes particuliers de cette p\u00e9riode.<\/p>\n<!-- \/wp:paragraph -->\n\n<!-- wp:paragraph -->\n<p>L\u2019utopie en exil 1936-2019 : l\u2019exposition retrace cette p\u00e9riode qui<\/p>\n<!-- \/wp:paragraph -->\n\n<!-- wp:paragraph -->\n<p>va de la guerre civile \u00e0 nos jours.<\/p>\n<!-- \/wp:paragraph -->\n\n<!-- wp:paragraph -->\n<p><img width=\"16\" height=\"16\" src=\"\" alt=\"\ud83d\udccc\">Lundi 06 f\u00e9vrier \u00e0 18h30 \u2013 Projection \u2013 d\u00e9bat \u2013 Salle Paul Eluard<\/p>\n<!-- \/wp:paragraph -->\n\n<!-- wp:paragraph -->\n<p>\u00ab Je te donne ma parole \u00bb, de Quino Gonzalez \u2013 documentaire (52 mn)<\/p>\n<!-- \/wp:paragraph -->\n\n<!-- wp:paragraph -->\n<p>T\u00e9moignages d\u2019hommes et de femmes qui ont lutt\u00e9 contre le fascisme pendant la guerre d\u2019Espagne, sont pass\u00e9s par les camps d\u2019internement fran\u00e7ais, ont particip\u00e9 activement \u00e0 la lib\u00e9ration de la France, ont lutt\u00e9 pour survivre dans les camps d\u2019extermination allemands et ont d\u00fb reconstruire leur vie dans un exil sans retour.<\/p>\n<!-- \/wp:paragraph -->\n\n<!-- wp:paragraph -->\n<p>Acc\u00e8s libre et gratuit<\/p>\n<!-- \/wp:paragraph -->\n\n<!-- wp:paragraph -->\n<p><img width=\"16\" height=\"16\" src=\"\" alt=\"\ud83d\udccc\">Portraits de femmes: l\u2019Autre Lieu \u2013 L\u2019Autre Bar \u2013 Espace Ren\u00e9 Lebas<\/p>\n<!-- \/wp:paragraph -->\n\n<!-- wp:paragraph -->\n<p>Mercredi 8 f\u00e9vrier : 18h30 \u2013 21h \u2013 Visite comment\u00e9e de l\u2019exposition<\/p>\n<!-- \/wp:paragraph -->\n\n<!-- wp:paragraph -->\n<p>L\u2019av\u00e8nement de la Seconde R\u00e9publique espagnole impulse l\u2019\u00e9mancipation des femmes. Elles obtiennent le droit de vote d\u00e8s 1931, au divorce en 1932 et \u00e0 l\u2019avortement en 1936. Cette exposition de portraits du peintre Juan Chica-Ventura \u00e9voque leur r\u00f4le dans la r\u00e9volution espagnole et dans le combat contre le fascisme.<\/p>\n<!-- \/wp:paragraph -->\n\n<!-- wp:paragraph -->\n<p>Acc\u00e8s libre et gratuit<\/p>\n<!-- \/wp:paragraph -->","_et_gb_content_width":"1080","_uag_custom_page_level_css":"","_price":"","_stock":"","_tribe_ticket_header":"","_tribe_default_ticket_provider":"","_tribe_ticket_capacity":"0","_ticket_start_date":"","_ticket_end_date":"","_tribe_ticket_show_description":"","_tribe_ticket_show_not_going":false,"_tribe_ticket_use_global_stock":"","_tribe_ticket_global_stock_level":"","_global_stock_mode":"","_global_stock_cap":"","_tribe_rsvp_for_event":"","_tribe_ticket_going_count":"","_tribe_ticket_not_going_count":"","_tribe_tickets_list":"[]","_tribe_ticket_has_attendee_info_fields":false,"footnotes":"","_tec_slr_enabled":"","_tec_slr_layout":""},"class_list":["post-651369","page","type-page","status-publish","hentry"],"uagb_featured_image_src":{"full":false,"thumbnail":false,"medium":false,"medium_large":false,"large":false,"1536x1536":false,"2048x2048":false,"bloom_image":false,"et-pb-post-main-image":false,"et-pb-post-main-image-fullwidth":false,"et-pb-portfolio-image":false,"et-pb-portfolio-module-image":false,"et-pb-portfolio-image-single":false,"et-pb-gallery-module-image-portrait":false,"et-pb-post-main-image-fullwidth-large":false,"et-pb-image--responsive--desktop":false,"et-pb-image--responsive--tablet":false,"et-pb-image--responsive--phone":false},"uagb_author_info":{"display_name":"admin4162","author_link":"https:\/\/associationlamancha.fr"},"uagb_comment_info":0,"uagb_excerpt":null,"ticketed":false,"_links":{"self":[{"href":"https:\/\/associationlamancha.fr\/index.php\/wp-json\/wp\/v2\/pages\/651369","targetHints":{"allow":["GET"]}}],"collection":[{"href":"https:\/\/associationlamancha.fr\/index.php\/wp-json\/wp\/v2\/pages"}],"about":[{"href":"https:\/\/associationlamancha.fr\/index.php\/wp-json\/wp\/v2\/types\/page"}],"author":[{"embeddable":true,"href":"https:\/\/associationlamancha.fr\/index.php\/wp-json\/wp\/v2\/users\/1"}],"replies":[{"embeddable":true,"href":"https:\/\/associationlamancha.fr\/index.php\/wp-json\/wp\/v2\/comments?post=651369"}],"version-history":[{"count":7,"href":"https:\/\/associationlamancha.fr\/index.php\/wp-json\/wp\/v2\/pages\/651369\/revisions"}],"predecessor-version":[{"id":1654983,"href":"https:\/\/associationlamancha.fr\/index.php\/wp-json\/wp\/v2\/pages\/651369\/revisions\/1654983"}],"wp:attachment":[{"href":"https:\/\/associationlamancha.fr\/index.php\/wp-json\/wp\/v2\/media?parent=651369"}],"curies":[{"name":"wp","href":"https:\/\/api.w.org\/{rel}","templated":true}]}}

Exposition &#8211; Débat

<p>[et_pb_section fb_built= »1&Prime; _builder_version= »4.17.3&Prime; _module_preset= »default » global_colors_info= »{} »][et_pb_row _builder_version= »4.17.3&Prime; _module_preset= »default » global_colors_info= »{} »][et_pb_column type= »4_4&Prime; _builder_version= »4.17.3&Prime; _module_preset= »default » global_colors_info= »{} »][et_pb_button button_url= »https://www.helloasso.com/associations/mouvement-d-amitie-normand-pour-la-culture-hispano-americaine-mancha/evenements/concert-de-guitare-35e-cinemovida » button_text= »Concert &#8211; Réservation ici : » _builder_version= »4.17.3&Prime; _module_preset= »default » hover_enabled= »0&Prime; global_colors_info= »{} » sticky_enabled= »0&Prime;][/et_pb_button][/et_pb_column][/et_pb_row][/et_pb_section]</p>

<!-- wp:image {"id":651213,"sizeSlug":"full","linkDestination":"none"} -->
<figure class="wp-block-image size-full"><img src="https://associationlamancha.fr/wp-content/uploads/2023/02/328944069_550922100306545_544145829165689144_n.jpg" alt="" class="wp-image-651213"/></figure>
<!-- /wp:image -->

<!-- wp:paragraph {"fontSize":"medium"} -->
<p class="has-medium-font-size"><img width="16" height="16" src="" alt="📣"><strong>L’ASSOCIATION 24 AOUT 1944 À CHERBOURG</strong></p>
<!-- /wp:paragraph -->

<!-- wp:paragraph -->
<p><img width="16" height="16" src="" alt="✅">Dans le cadre de la 33 <sup>ème</sup> Cinemovida à Cherbourg en Cotentin qui se déroulera du 27 Janvier au 12 février 2023, l’Association 24 Aout 1944 est invitée à animer 4 évènements.</p>
<!-- /wp:paragraph -->

<!-- wp:paragraph -->
<p><a href="https://www.24-aout-1944.org/lassociation-24-aout-1944-a.../">https://www.24-aout-1944.org/lassociation-24-aout-1944-a.../</a></p>
<!-- /wp:paragraph -->

<!-- wp:paragraph -->
<p><img width="16" height="16" src="" alt="📌">Les hommes de la Nueve</p>
<!-- /wp:paragraph -->

<!-- wp:paragraph -->
<p>Exposition proposée par l’association « 24 août 1944 »</p>
<!-- /wp:paragraph -->

<!-- wp:paragraph -->
<p>Du lundi 6 au samedi 11 février – Centre Leclerc – Tourlaville Exposition de portraits des hommes de la Nueve. Une vingtaine de portraits originaux des combattants de la Nueve, (9e compagnie de la 2e DB-Leclerc).</p>
<!-- /wp:paragraph -->

<!-- wp:paragraph -->
<p>Réalisés par le peintre Juan Chica-Ventura d’après les photos retrouvées.</p>
<!-- /wp:paragraph -->

<!-- wp:paragraph -->
<p><img width="16" height="16" src="" alt="📌">Les Espagnols antifascistes à travers le crayon</p>
<!-- /wp:paragraph -->

<!-- wp:paragraph -->
<p>Du lundi 6 au samedi 11 février – Centre Leclerc – Tourlaville</p>
<!-- /wp:paragraph -->

<!-- wp:paragraph -->
<p>Planches de quelques créateurs connus, comme Bruno Loth ou Carlos Gimenez, qui ont choisi la Bande Dessinée pour s’exprimer. Les uns pour entrer dans l’Histoire avec les lecteurs, les autres pour conter de manière plus intime quelques épisodes particuliers de cette période.</p>
<!-- /wp:paragraph -->

<!-- wp:paragraph -->
<p>L’utopie en exil 1936-2019 : l’exposition retrace cette période qui</p>
<!-- /wp:paragraph -->

<!-- wp:paragraph -->
<p>va de la guerre civile à nos jours.</p>
<!-- /wp:paragraph -->

<!-- wp:paragraph -->
<p><img width="16" height="16" src="" alt="📌">Lundi 06 février à 18h30 – Projection – débat – Salle Paul Eluard</p>
<!-- /wp:paragraph -->

<!-- wp:paragraph -->
<p>« Je te donne ma parole », de Quino Gonzalez – documentaire (52 mn)</p>
<!-- /wp:paragraph -->

<!-- wp:paragraph -->
<p>Témoignages d’hommes et de femmes qui ont lutté contre le fascisme pendant la guerre d’Espagne, sont passés par les camps d’internement français, ont participé activement à la libération de la France, ont lutté pour survivre dans les camps d’extermination allemands et ont dû reconstruire leur vie dans un exil sans retour.</p>
<!-- /wp:paragraph -->

<!-- wp:paragraph -->
<p>Accès libre et gratuit</p>
<!-- /wp:paragraph -->

<!-- wp:paragraph -->
<p><img width="16" height="16" src="" alt="📌">Portraits de femmes: l’Autre Lieu – L’Autre Bar – Espace René Lebas</p>
<!-- /wp:paragraph -->

<!-- wp:paragraph -->
<p>Mercredi 8 février : 18h30 – 21h – Visite commentée de l’exposition</p>
<!-- /wp:paragraph -->

<!-- wp:paragraph -->
<p>L’avènement de la Seconde République espagnole impulse l’émancipation des femmes. Elles obtiennent le droit de vote dès 1931, au divorce en 1932 et à l’avortement en 1936. Cette exposition de portraits du peintre Juan Chica-Ventura évoque leur rôle dans la révolution espagnole et dans le combat contre le fascisme.</p>
<!-- /wp:paragraph -->

<!-- wp:paragraph -->
<p>Accès libre et gratuit</p>
<!-- /wp:paragraph -->
